{"id":39,"date":"2025-06-12T09:02:43","date_gmt":"2025-06-12T07:02:43","guid":{"rendered":"https:\/\/groupecomas.com\/?page_id=39"},"modified":"2025-06-12T10:33:12","modified_gmt":"2025-06-12T08:33:12","slug":"politique-rse","status":"publish","type":"page","link":"https:\/\/groupecomas.com\/index.php\/politique-rse\/","title":{"rendered":"Politique RSE"},"content":{"rendered":"\n<p class=\"has-medium-font-size\">En accord avec la d\u00e9marche d&rsquo;utilit\u00e9 soci\u00e9tale de la fili\u00e8re France Bois For\u00eat, nous avons trois objectifs principaux<\/p>\n\n\n\n<h2 class=\"wp-block-heading\">R\u00e9pondre aux besoins des humains<\/h2>\n\n\n\n<p class=\"has-medium-font-size\">Nous favorisons les contrats \u00e0 long-terme avec nos fournisseurs, afin de p\u00e9renniser nos activit\u00e9s.<\/p>\n\n\n\n<p class=\"has-medium-font-size\">Nous favorisons les CDI pour nos employ\u00e9s, et nous ne travaillons pas la nuit, ni le week-end. <\/p>\n\n\n\n<p class=\"has-medium-font-size\">Nous livrons nos clients en toutes circonstances, afin qu&rsquo;ils puissent assurer leur mission, nourrir la population.<\/p>\n\n\n\n<p class=\"has-medium-font-size\">Nous assurons une hygi\u00e8ne impeccable pour accro\u00eetre la s\u00e9curit\u00e9 alimentaire des consommateurs. <\/p>\n\n\n\n<figure class=\"wp-block-image size-full\"><img loading=\"lazy\" decoding=\"async\" width=\"140\" height=\"141\" src=\"https:\/\/groupecomas.com\/wp-content\/uploads\/2025\/06\/Image3.gif\" alt=\"\" class=\"wp-image-63\"\/><\/figure>\n\n\n\n<h2 class=\"wp-block-heading\">Lutter contre le r\u00e9chauffement climatique<\/h2>\n\n\n\n<p class=\"has-medium-font-size\">Nos emballages sont en bois, mat\u00e9riau renouvelable, qui s\u00e9questre le carbone, prot\u00e8ge les aliments et r\u00e9duit l&rsquo;activit\u00e9 microbienne.<\/p>\n\n\n\n<p class=\"has-medium-font-size\">L&rsquo;Analyse du Cycle de Vie de la cagette en bois, r\u00e9alis\u00e9e par l&rsquo;ADEME, prouve la sup\u00e9riorit\u00e9 du mat\u00e9riau et du processus de fabrication <\/p>\n\n\n\n<figure class=\"wp-block-gallery has-nested-images columns-default is-cropped wp-block-gallery-1 is-layout-flex wp-block-gallery-is-layout-flex\">\n<figure class=\"wp-block-image size-large\"><img loading=\"lazy\" decoding=\"async\" width=\"602\" height=\"583\" data-id=\"66\" src=\"https:\/\/groupecomas.com\/wp-content\/uploads\/2025\/06\/ACV-EffetSerre.png\" alt=\"\" class=\"wp-image-66\" srcset=\"https:\/\/groupecomas.com\/wp-content\/uploads\/2025\/06\/ACV-EffetSerre.png 602w, https:\/\/groupecomas.com\/wp-content\/uploads\/2025\/06\/ACV-EffetSerre-300x291.png 300w\" sizes=\"auto, (max-width: 602px) 100vw, 602px\" \/><\/figure>\n\n\n\n<figure class=\"wp-block-image size-large\"><img loading=\"lazy\" decoding=\"async\" width=\"633\" height=\"584\" data-id=\"68\" src=\"https:\/\/groupecomas.com\/wp-content\/uploads\/2025\/06\/ACV-ConsoEnergieNR.png\" alt=\"\" class=\"wp-image-68\" srcset=\"https:\/\/groupecomas.com\/wp-content\/uploads\/2025\/06\/ACV-ConsoEnergieNR.png 633w, https:\/\/groupecomas.com\/wp-content\/uploads\/2025\/06\/ACV-ConsoEnergieNR-300x277.png 300w\" sizes=\"auto, (max-width: 633px) 100vw, 633px\" \/><\/figure>\n<\/figure>\n\n\n\n<p class=\"has-medium-font-size\">Nous favorisons les circuits courts, nos approvisionnements en bois et nos livraisons se font \u00e0 moins de 250km autour de l&rsquo;usine.<\/p>\n\n\n\n<p><\/p>\n\n\n\n<h2 class=\"wp-block-heading\">Prot\u00e9ger et r\u00e9g\u00e9n\u00e9rer le vivant  <\/h2>\n\n\n\n<p class=\"has-medium-font-size\">Nous utilisons du peuplier, un arbre \u00e0 croissance rapide; cette essence est g\u00e9r\u00e9e durablement en France<\/p>\n\n\n\n<figure class=\"wp-block-embed is-type-video is-provider-youtube wp-block-embed-youtube wp-embed-aspect-16-9 wp-has-aspect-ratio\"><div class=\"wp-block-embed__wrapper\">\n<iframe loading=\"lazy\" title=\"Le Peuplier : un atout irrempla\u00e7able\" width=\"800\" height=\"450\" src=\"https:\/\/www.youtube.com\/embed\/oupO7oCAE4c?feature=oembed\" frameborder=\"0\" allow=\"accelerometer; autoplay; clipboard-write; encrypted-media; gyroscope; picture-in-picture; web-share\" referrerpolicy=\"strict-origin-when-cross-origin\" allowfullscreen><\/iframe>\n<\/div><\/figure>\n\n\n<div class=\"wp-block-image\">\n<figure class=\"aligncenter size-large is-resized\"><img loading=\"lazy\" decoding=\"async\" width=\"1024\" height=\"678\" src=\"https:\/\/groupecomas.com\/wp-content\/uploads\/2025\/06\/Peupleraie-1024x678.jpg\" alt=\"\" class=\"wp-image-60\" style=\"width:800px\" srcset=\"https:\/\/groupecomas.com\/wp-content\/uploads\/2025\/06\/Peupleraie-1024x678.jpg 1024w, https:\/\/groupecomas.com\/wp-content\/uploads\/2025\/06\/Peupleraie-300x199.jpg 300w, https:\/\/groupecomas.com\/wp-content\/uploads\/2025\/06\/Peupleraie-768x508.jpg 768w, https:\/\/groupecomas.com\/wp-content\/uploads\/2025\/06\/Peupleraie-1536x1017.jpg 1536w, https:\/\/groupecomas.com\/wp-content\/uploads\/2025\/06\/Peupleraie.jpg 1890w\" sizes=\"auto, (max-width: 1024px) 100vw, 1024px\" \/><\/figure>\n<\/div>\n\n\n<p class=\"has-medium-font-size\">Nous n\u2019appliquons aucun traitement chimique \u00e0 nos emballages, ils restent sains et naturels pour emballer les fruits, l\u00e9gumes et fromages.<\/p>\n\n\n\n<h2 class=\"wp-block-heading\">Nous jouons collectif<\/h2>\n\n\n\n<p class=\"has-medium-font-size\">Groupe Comas est membre actif de la F\u00e9d\u00e9ration Nationale du Bois, pr\u00e9sent dans les instances de France Bois For\u00eat, et membre du Conseil National du Peuplier<\/p>\n\n\n\n<figure class=\"wp-block-gallery has-nested-images columns-default is-cropped wp-block-gallery-2 is-layout-flex wp-block-gallery-is-layout-flex\">\n<figure class=\"wp-block-image size-full\"><img loading=\"lazy\" decoding=\"async\" width=\"169\" height=\"72\" data-id=\"71\" src=\"https:\/\/groupecomas.com\/wp-content\/uploads\/2025\/06\/logo-FNB.png\" alt=\"\" class=\"wp-image-71\"\/><\/figure>\n\n\n\n<figure class=\"wp-block-image size-large\"><img loading=\"lazy\" decoding=\"async\" width=\"500\" height=\"304\" data-id=\"72\" src=\"https:\/\/groupecomas.com\/wp-content\/uploads\/2025\/06\/logo_FBF.png\" alt=\"\" class=\"wp-image-72\" srcset=\"https:\/\/groupecomas.com\/wp-content\/uploads\/2025\/06\/logo_FBF.png 500w, https:\/\/groupecomas.com\/wp-content\/uploads\/2025\/06\/logo_FBF-300x182.png 300w\" sizes=\"auto, (max-width: 500px) 100vw, 500px\" \/><\/figure>\n\n\n\n<figure class=\"wp-block-image size-large\"><img loading=\"lazy\" decoding=\"async\" width=\"857\" height=\"563\" data-id=\"73\" src=\"https:\/\/groupecomas.com\/wp-content\/uploads\/2025\/06\/150_CNP_logo.jpg\" alt=\"\" class=\"wp-image-73\" srcset=\"https:\/\/groupecomas.com\/wp-content\/uploads\/2025\/06\/150_CNP_logo.jpg 857w, https:\/\/groupecomas.com\/wp-content\/uploads\/2025\/06\/150_CNP_logo-300x197.jpg 300w, https:\/\/groupecomas.com\/wp-content\/uploads\/2025\/06\/150_CNP_logo-768x505.jpg 768w\" sizes=\"auto, (max-width: 857px) 100vw, 857px\" \/><\/figure>\n<\/figure>\n","protected":false},"excerpt":{"rendered":"<p>En accord avec la d\u00e9marche d&rsquo;utilit\u00e9 soci\u00e9tale de la fili\u00e8re France Bois For\u00eat, nous avons trois objectifs principaux R\u00e9pondre aux besoins des humains Nous favorisons les contrats \u00e0 long-terme avec &#8230;<\/p>\n","protected":false},"author":1,"featured_media":0,"parent":0,"menu_order":0,"comment_status":"closed","ping_status":"closed","template":"","meta":{"footnotes":""},"class_list":["post-39","page","type-page","status-publish","hentry"],"_links":{"self":[{"href":"https:\/\/groupecomas.com\/index.php\/wp-json\/wp\/v2\/pages\/39","targetHints":{"allow":["GET"]}}],"collection":[{"href":"https:\/\/groupecomas.com\/index.php\/wp-json\/wp\/v2\/pages"}],"about":[{"href":"https:\/\/groupecomas.com\/index.php\/wp-json\/wp\/v2\/types\/page"}],"author":[{"embeddable":true,"href":"https:\/\/groupecomas.com\/index.php\/wp-json\/wp\/v2\/users\/1"}],"replies":[{"embeddable":true,"href":"https:\/\/groupecomas.com\/index.php\/wp-json\/wp\/v2\/comments?post=39"}],"version-history":[{"count":5,"href":"https:\/\/groupecomas.com\/index.php\/wp-json\/wp\/v2\/pages\/39\/revisions"}],"predecessor-version":[{"id":76,"href":"https:\/\/groupecomas.com\/index.php\/wp-json\/wp\/v2\/pages\/39\/revisions\/76"}],"wp:attachment":[{"href":"https:\/\/groupecomas.com\/index.php\/wp-json\/wp\/v2\/media?parent=39"}],"curies":[{"name":"wp","href":"https:\/\/api.w.org\/{rel}","templated":true}]}}